{"id":2,"date":"2017-03-09T15:24:29","date_gmt":"2017-03-09T14:24:29","guid":{"rendered":"https:\/\/oberndoerfer.de\/?page_id=2"},"modified":"2017-03-09T15:37:27","modified_gmt":"2017-03-09T14:37:27","slug":"beispiel-seite","status":"publish","type":"page","link":"https:\/\/oberndoerfer.de\/index.php\/beispiel-seite\/","title":{"rendered":"Home"},"content":{"rendered":"<p>Herzlich willkommen auf meiner Homepage.<br \/>\nSeit Jahrzenten keine wirklichen Infos hier, wenig Hoffnung das sich da was \u00e4ndert.<\/p>\n<p>Ich verlinke aber oben auf Projekte oder auf meine Social Media Kan\u00e4le.<\/p>\n<p>Gr\u00fc\u00dfle<\/p>\n<p>&nbsp;<\/p>\n<p>S\u00f6ren<\/p>\n","protected":false},"excerpt":{"rendered":"<p>Herzlich willkommen auf meiner Homepage. Seit Jahrzenten keine wirklichen Infos hier, wenig Hoffnung das sich da was \u00e4ndert. Ich verlinke aber oben auf Projekte oder auf meine Social Media Kan\u00e4le. Gr\u00fc\u00dfle &nbsp; S\u00f6ren<\/p>\n","protected":false},"author":1,"featured_media":0,"parent":0,"menu_order":0,"comment_status":"closed","ping_status":"open","template":"","meta":{"sfsi_plus_gutenberg_text_before_share":"","sfsi_plus_gutenberg_show_text_before_share":"","sfsi_plus_gutenberg_icon_type":"","sfsi_plus_gutenberg_icon_alignemt":"","sfsi_plus_gutenburg_max_per_row":"","footnotes":""},"class_list":["post-2","page","type-page","status-publish","h-entry","hentry","h-as-page"],"_links":{"self":[{"href":"https:\/\/oberndoerfer.de\/index.php\/wp-json\/wp\/v2\/pages\/2","targetHints":{"allow":["GET"]}}],"collection":[{"href":"https:\/\/oberndoerfer.de\/index.php\/wp-json\/wp\/v2\/pages"}],"about":[{"href":"https:\/\/oberndoerfer.de\/index.php\/wp-json\/wp\/v2\/types\/page"}],"author":[{"embeddable":true,"href":"https:\/\/oberndoerfer.de\/index.php\/wp-json\/wp\/v2\/users\/1"}],"replies":[{"embeddable":true,"href":"https:\/\/oberndoerfer.de\/index.php\/wp-json\/wp\/v2\/comments?post=2"}],"version-history":[{"count":2,"href":"https:\/\/oberndoerfer.de\/index.php\/wp-json\/wp\/v2\/pages\/2\/revisions"}],"predecessor-version":[{"id":7,"href":"https:\/\/oberndoerfer.de\/index.php\/wp-json\/wp\/v2\/pages\/2\/revisions\/7"}],"wp:attachment":[{"href":"https:\/\/oberndoerfer.de\/index.php\/wp-json\/wp\/v2\/media?parent=2"}],"curies":[{"name":"wp","href":"https:\/\/api.w.org\/{rel}","templated":true}]}}